{"id":434,"date":"2017-11-17T15:13:37","date_gmt":"2017-11-17T13:13:37","guid":{"rendered":"http:\/\/kvklingenmuenster.de\/?page_id=434"},"modified":"2022-12-30T02:15:04","modified_gmt":"2022-12-30T00:15:04","slug":"tanz","status":"publish","type":"page","link":"https:\/\/kvklingenmuenster.de\/?page_id=434","title":{"rendered":"Tanz"},"content":{"rendered":"<h1>Die Tanzm\u00e4use<\/h1>\n<p><img loading=\"lazy\" decoding=\"async\" class=\"alignnone size-large wp-image-427\" src=\"https:\/\/kvklingenmuenster.de\/wp-content\/uploads\/2017\/11\/Tanzm\u00e4use-1024x680-1024x680.jpg\" alt=\"\" width=\"525\" height=\"349\" srcset=\"https:\/\/kvklingenmuenster.de\/wp-content\/uploads\/2017\/11\/Tanzm\u00e4use-1024x680.jpg 1024w, https:\/\/kvklingenmuenster.de\/wp-content\/uploads\/2017\/11\/Tanzm\u00e4use-1024x680-400x266.jpg 400w, https:\/\/kvklingenmuenster.de\/wp-content\/uploads\/2017\/11\/Tanzm\u00e4use-1024x680-768x510.jpg 768w\" sizes=\"auto, (max-width: 525px) 100vw, 525px\" \/>Trainer: Melanie Platz, Lukas Hoffmann<\/p>\n<h1>Die kleine Garde<\/h1>\n<p><img loading=\"lazy\" decoding=\"async\" class=\"alignnone size-large wp-image-423\" src=\"https:\/\/kvklingenmuenster.de\/wp-content\/uploads\/2017\/11\/Juniorengarde-1024x680-1024x680.jpg\" alt=\"\" width=\"525\" height=\"349\" srcset=\"https:\/\/kvklingenmuenster.de\/wp-content\/uploads\/2017\/11\/Juniorengarde-1024x680.jpg 1024w, https:\/\/kvklingenmuenster.de\/wp-content\/uploads\/2017\/11\/Juniorengarde-1024x680-400x266.jpg 400w, https:\/\/kvklingenmuenster.de\/wp-content\/uploads\/2017\/11\/Juniorengarde-1024x680-768x510.jpg 768w\" sizes=\"auto, (max-width: 525px) 100vw, 525px\" \/><\/p>\n<p><img loading=\"lazy\" decoding=\"async\" class=\"alignnone size-large wp-image-425\" src=\"https:\/\/kvklingenmuenster.de\/wp-content\/uploads\/2017\/11\/Prinzengarde-1024x557-1024x557.jpg\" alt=\"\" width=\"525\" height=\"286\" srcset=\"https:\/\/kvklingenmuenster.de\/wp-content\/uploads\/2017\/11\/Prinzengarde-1024x557.jpg 1024w, https:\/\/kvklingenmuenster.de\/wp-content\/uploads\/2017\/11\/Prinzengarde-1024x557-400x218.jpg 400w, https:\/\/kvklingenmuenster.de\/wp-content\/uploads\/2017\/11\/Prinzengarde-1024x557-768x418.jpg 768w\" sizes=\"auto, (max-width: 525px) 100vw, 525px\" \/><\/p>\n<p>Trainerinnen: Emma + Greta Thiery<\/p>\n<h1>Die gro\u00dfe Garde<\/h1>\n<p><img loading=\"lazy\" decoding=\"async\" class=\"alignnone size-large wp-image-426\" src=\"https:\/\/kvklingenmuenster.de\/wp-content\/uploads\/2017\/11\/Prinzenparde-1-1024x680-1024x680.jpg\" alt=\"\" width=\"525\" height=\"349\" srcset=\"https:\/\/kvklingenmuenster.de\/wp-content\/uploads\/2017\/11\/Prinzenparde-1-1024x680.jpg 1024w, https:\/\/kvklingenmuenster.de\/wp-content\/uploads\/2017\/11\/Prinzenparde-1-1024x680-400x266.jpg 400w, https:\/\/kvklingenmuenster.de\/wp-content\/uploads\/2017\/11\/Prinzenparde-1-1024x680-768x510.jpg 768w\" sizes=\"auto, (max-width: 525px) 100vw, 525px\" \/><\/p>\n<p>Trainerin: Sarah L\u00fcrtzener<\/p>\n<p>&nbsp;<\/p>\n<p>Die Funkys<\/p>\n<figure id=\"attachment_325\" aria-describedby=\"caption-attachment-325\" style=\"width: 525px\" class=\"wp-caption alignnone\"><img loading=\"lazy\" decoding=\"async\" class=\"wp-image-325 size-large\" src=\"https:\/\/kvklingenmuenster.de\/wp-content\/uploads\/2017\/08\/Schautanzgruppe-Fukies-1024x680.jpg\" alt=\"\" width=\"525\" height=\"349\" srcset=\"https:\/\/kvklingenmuenster.de\/wp-content\/uploads\/2017\/08\/Schautanzgruppe-Fukies-1024x680.jpg 1024w, https:\/\/kvklingenmuenster.de\/wp-content\/uploads\/2017\/08\/Schautanzgruppe-Fukies-300x199.jpg 300w, https:\/\/kvklingenmuenster.de\/wp-content\/uploads\/2017\/08\/Schautanzgruppe-Fukies-768x510.jpg 768w\" sizes=\"auto, (max-width: 525px) 100vw, 525px\" \/><figcaption id=\"caption-attachment-325\" class=\"wp-caption-text\">Trainer: Ina Hammerschmidt &amp; Nicole Kuntz<\/figcaption><\/figure>\n<p>Die Smarties<\/p>\n<p><img loading=\"lazy\" decoding=\"async\" class=\"alignnone size-large wp-image-422\" src=\"https:\/\/kvklingenmuenster.de\/wp-content\/uploads\/2017\/11\/Foto2-1024x680-1024x680.jpg\" alt=\"\" width=\"525\" height=\"349\" srcset=\"https:\/\/kvklingenmuenster.de\/wp-content\/uploads\/2017\/11\/Foto2-1024x680.jpg 1024w, https:\/\/kvklingenmuenster.de\/wp-content\/uploads\/2017\/11\/Foto2-1024x680-400x266.jpg 400w, https:\/\/kvklingenmuenster.de\/wp-content\/uploads\/2017\/11\/Foto2-1024x680-768x510.jpg 768w\" sizes=\"auto, (max-width: 525px) 100vw, 525px\" \/><\/p>\n<p>Trainer: Sarah L\u00fcrtzener<\/p>\n<h1>Das Damenballett<\/h1>\n<p><img loading=\"lazy\" decoding=\"async\" class=\"alignnone size-large wp-image-421\" src=\"https:\/\/kvklingenmuenster.de\/wp-content\/uploads\/2017\/11\/120-2-1024x680-1024x680.jpg\" alt=\"\" width=\"525\" height=\"349\" srcset=\"https:\/\/kvklingenmuenster.de\/wp-content\/uploads\/2017\/11\/120-2-1024x680.jpg 1024w, https:\/\/kvklingenmuenster.de\/wp-content\/uploads\/2017\/11\/120-2-1024x680-400x266.jpg 400w, https:\/\/kvklingenmuenster.de\/wp-content\/uploads\/2017\/11\/120-2-1024x680-768x510.jpg 768w\" sizes=\"auto, (max-width: 525px) 100vw, 525px\" \/><\/p>\n<p>Trainer: Gabi Hoffmann &amp; Lukas Hoffmann<\/p>\n<h1>Das M\u00e4nnerballett<\/h1>\n<p><img loading=\"lazy\" decoding=\"async\" class=\"alignnone size-large wp-image-424\" src=\"https:\/\/kvklingenmuenster.de\/wp-content\/uploads\/2017\/11\/M\u00e4nnerballett-1024x680-1024x680.jpg\" alt=\"\" width=\"525\" height=\"349\" srcset=\"https:\/\/kvklingenmuenster.de\/wp-content\/uploads\/2017\/11\/M\u00e4nnerballett-1024x680.jpg 1024w, https:\/\/kvklingenmuenster.de\/wp-content\/uploads\/2017\/11\/M\u00e4nnerballett-1024x680-400x266.jpg 400w, https:\/\/kvklingenmuenster.de\/wp-content\/uploads\/2017\/11\/M\u00e4nnerballett-1024x680-768x510.jpg 768w\" sizes=\"auto, (max-width: 525px) 100vw, 525px\" \/><\/p>\n<p>Trainer: Gabi Hoffmann &amp; Ursel Schneider<\/p>\n","protected":false},"excerpt":{"rendered":"<p>Die Tanzm\u00e4use Trainer: Melanie Platz, Lukas Hoffmann Die kleine Garde Trainerinnen: Emma + Greta Thiery Die gro\u00dfe Garde Trainerin: Sarah L\u00fcrtzener &nbsp; Die Funkys Die Smarties Trainer: Sarah L\u00fcrtzener Das Damenballett Trainer: Gabi Hoffmann &amp; Lukas Hoffmann Das M\u00e4nnerballett Trainer: Gabi Hoffmann &amp; Ursel Schneider<\/p>\n","protected":false},"author":2,"featured_media":0,"parent":39,"menu_order":0,"comment_status":"closed","ping_status":"closed","template":"","meta":{"footnotes":""},"class_list":["post-434","page","type-page","status-publish","hentry"],"_links":{"self":[{"href":"https:\/\/kvklingenmuenster.de\/index.php?rest_route=\/wp\/v2\/pages\/434","targetHints":{"allow":["GET"]}}],"collection":[{"href":"https:\/\/kvklingenmuenster.de\/index.php?rest_route=\/wp\/v2\/pages"}],"about":[{"href":"https:\/\/kvklingenmuenster.de\/index.php?rest_route=\/wp\/v2\/types\/page"}],"author":[{"embeddable":true,"href":"https:\/\/kvklingenmuenster.de\/index.php?rest_route=\/wp\/v2\/users\/2"}],"replies":[{"embeddable":true,"href":"https:\/\/kvklingenmuenster.de\/index.php?rest_route=%2Fwp%2Fv2%2Fcomments&post=434"}],"version-history":[{"count":6,"href":"https:\/\/kvklingenmuenster.de\/index.php?rest_route=\/wp\/v2\/pages\/434\/revisions"}],"predecessor-version":[{"id":713,"href":"https:\/\/kvklingenmuenster.de\/index.php?rest_route=\/wp\/v2\/pages\/434\/revisions\/713"}],"up":[{"embeddable":true,"href":"https:\/\/kvklingenmuenster.de\/index.php?rest_route=\/wp\/v2\/pages\/39"}],"wp:attachment":[{"href":"https:\/\/kvklingenmuenster.de\/index.php?rest_route=%2Fwp%2Fv2%2Fmedia&parent=434"}],"curies":[{"name":"wp","href":"https:\/\/api.w.org\/{rel}","templated":true}]}}

<h1>Die Tanzmäuse</h1>
<p><img loading="lazy" decoding="async" class="alignnone size-large wp-image-427" src="https://kvklingenmuenster.de/wp-content/uploads/2017/11/Tanzmäuse-1024x680-1024x680.jpg" alt="" width="525" height="349" srcset="https://kvklingenmuenster.de/wp-content/uploads/2017/11/Tanzmäuse-1024x680.jpg 1024w, https://kvklingenmuenster.de/wp-content/uploads/2017/11/Tanzmäuse-1024x680-400x266.jpg 400w, https://kvklingenmuenster.de/wp-content/uploads/2017/11/Tanzmäuse-1024x680-768x510.jpg 768w" sizes="auto, (max-width: 525px) 100vw, 525px" />Trainer: Melanie Platz, Lukas Hoffmann</p>
<h1>Die kleine Garde</h1>
<p><img loading="lazy" decoding="async" class="alignnone size-large wp-image-423" src="https://kvklingenmuenster.de/wp-content/uploads/2017/11/Juniorengarde-1024x680-1024x680.jpg" alt="" width="525" height="349" srcset="https://kvklingenmuenster.de/wp-content/uploads/2017/11/Juniorengarde-1024x680.jpg 1024w, https://kvklingenmuenster.de/wp-content/uploads/2017/11/Juniorengarde-1024x680-400x266.jpg 400w, https://kvklingenmuenster.de/wp-content/uploads/2017/11/Juniorengarde-1024x680-768x510.jpg 768w" sizes="auto, (max-width: 525px) 100vw, 525px" /></p>
<p><img loading="lazy" decoding="async" class="alignnone size-large wp-image-425" src="https://kvklingenmuenster.de/wp-content/uploads/2017/11/Prinzengarde-1024x557-1024x557.jpg" alt="" width="525" height="286" srcset="https://kvklingenmuenster.de/wp-content/uploads/2017/11/Prinzengarde-1024x557.jpg 1024w, https://kvklingenmuenster.de/wp-content/uploads/2017/11/Prinzengarde-1024x557-400x218.jpg 400w, https://kvklingenmuenster.de/wp-content/uploads/2017/11/Prinzengarde-1024x557-768x418.jpg 768w" sizes="auto, (max-width: 525px) 100vw, 525px" /></p>
<p>Trainerinnen: Emma + Greta Thiery</p>
<h1>Die große Garde</h1>
<p><img loading="lazy" decoding="async" class="alignnone size-large wp-image-426" src="https://kvklingenmuenster.de/wp-content/uploads/2017/11/Prinzenparde-1-1024x680-1024x680.jpg" alt="" width="525" height="349" srcset="https://kvklingenmuenster.de/wp-content/uploads/2017/11/Prinzenparde-1-1024x680.jpg 1024w, https://kvklingenmuenster.de/wp-content/uploads/2017/11/Prinzenparde-1-1024x680-400x266.jpg 400w, https://kvklingenmuenster.de/wp-content/uploads/2017/11/Prinzenparde-1-1024x680-768x510.jpg 768w" sizes="auto, (max-width: 525px) 100vw, 525px" /></p>
<p>Trainerin: Sarah Lürtzener</p>
<p>&nbsp;</p>
<p>Die Funkys</p>
<figure id="attachment_325" aria-describedby="caption-attachment-325" style="width: 525px" class="wp-caption alignnone"><img loading="lazy" decoding="async" class="wp-image-325 size-large" src="https://kvklingenmuenster.de/wp-content/uploads/2017/08/Schautanzgruppe-Fukies-1024x680.jpg" alt="" width="525" height="349" srcset="https://kvklingenmuenster.de/wp-content/uploads/2017/08/Schautanzgruppe-Fukies-1024x680.jpg 1024w, https://kvklingenmuenster.de/wp-content/uploads/2017/08/Schautanzgruppe-Fukies-300x199.jpg 300w, https://kvklingenmuenster.de/wp-content/uploads/2017/08/Schautanzgruppe-Fukies-768x510.jpg 768w" sizes="auto, (max-width: 525px) 100vw, 525px" /><figcaption id="caption-attachment-325" class="wp-caption-text">Trainer: Ina Hammerschmidt &amp; Nicole Kuntz</figcaption></figure>
<p>Die Smarties</p>
<p><img loading="lazy" decoding="async" class="alignnone size-large wp-image-422" src="https://kvklingenmuenster.de/wp-content/uploads/2017/11/Foto2-1024x680-1024x680.jpg" alt="" width="525" height="349" srcset="https://kvklingenmuenster.de/wp-content/uploads/2017/11/Foto2-1024x680.jpg 1024w, https://kvklingenmuenster.de/wp-content/uploads/2017/11/Foto2-1024x680-400x266.jpg 400w, https://kvklingenmuenster.de/wp-content/uploads/2017/11/Foto2-1024x680-768x510.jpg 768w" sizes="auto, (max-width: 525px) 100vw, 525px" /></p>
<p>Trainer: Sarah Lürtzener</p>
<h1>Das Damenballett</h1>
<p><img loading="lazy" decoding="async" class="alignnone size-large wp-image-421" src="https://kvklingenmuenster.de/wp-content/uploads/2017/11/120-2-1024x680-1024x680.jpg" alt="" width="525" height="349" srcset="https://kvklingenmuenster.de/wp-content/uploads/2017/11/120-2-1024x680.jpg 1024w, https://kvklingenmuenster.de/wp-content/uploads/2017/11/120-2-1024x680-400x266.jpg 400w, https://kvklingenmuenster.de/wp-content/uploads/2017/11/120-2-1024x680-768x510.jpg 768w" sizes="auto, (max-width: 525px) 100vw, 525px" /></p>
<p>Trainer: Gabi Hoffmann &amp; Lukas Hoffmann</p>
<h1>Das Männerballett</h1>
<p><img loading="lazy" decoding="async" class="alignnone size-large wp-image-424" src="https://kvklingenmuenster.de/wp-content/uploads/2017/11/Männerballett-1024x680-1024x680.jpg" alt="" width="525" height="349" srcset="https://kvklingenmuenster.de/wp-content/uploads/2017/11/Männerballett-1024x680.jpg 1024w, https://kvklingenmuenster.de/wp-content/uploads/2017/11/Männerballett-1024x680-400x266.jpg 400w, https://kvklingenmuenster.de/wp-content/uploads/2017/11/Männerballett-1024x680-768x510.jpg 768w" sizes="auto, (max-width: 525px) 100vw, 525px" /></p>
<p>Trainer: Gabi Hoffmann &amp; Ursel Schneider</p>

<p>Die Tanzmäuse Trainer: Melanie Platz, Lukas Hoffmann Die kleine Garde Trainerinnen: Emma + Greta Thiery Die große Garde Trainerin: Sarah Lürtzener &nbsp; Die Funkys Die Smarties Trainer: Sarah Lürtzener Das Damenballett Trainer: Gabi Hoffmann &amp; Lukas Hoffmann Das Männerballett Trainer: Gabi Hoffmann &amp; Ursel Schneider</p>
